{"id":782,"date":"2015-04-01T10:35:49","date_gmt":"2015-04-01T08:35:49","guid":{"rendered":"https:\/\/www.figurentheaterfestival.de\/?page_id=782"},"modified":"2021-05-12T21:43:20","modified_gmt":"2021-05-12T19:43:20","slug":"festival","status":"publish","type":"page","link":"https:\/\/www.figurentheaterfestival.de\/festival\/","title":{"rendered":"festival"},"content":{"rendered":"<h3><strong>Versprochen!<\/strong><\/h3>\n<p>Das 22. internationale figuren.theater.festival 2021 \u2013 kaum international, wenig Figuren, eigentlich kein Theater und wom\u00f6glich auch gar kein richtiges Festival \u2026 Dennoch haben wir uns daf\u00fcr entschieden, Ihnen unser Programm vorzulegen. Es ist ein Versprechen: Alle Projekte, die angek\u00fcndigt und beschrieben werden, sollen nach M\u00f6glichkeit stattfinden. Da dies Anfang Mai nicht m\u00f6glich sein wird, dann im Laufe der n\u00e4chsten Monate. Aus dem Festival-Programm wird ein Jahresprogramm. Das sind wir K\u00fcnstler:innen und Publikum schuldig.<\/p>\n<p>Dreimal wurde das 22. internationale figuren.theater.festival 2021 neu geplant: 2020, noch unter dem Eindruck weitgehender Normalit\u00e4t, mit einem klassischen B\u00fchnenprogramm. Im November\/Dezember, als sich die zweite Welle abzuzeichnen begann, als Drei-S\u00e4ulen-Angebot mit einer reduzierten Anzahl \u201enormaler\u201c Theatervorstellungen, daf\u00fcr mit mehr Sonderprojekten und Aktionen im \u00f6ffentlichen Raum sowie einem neuen, digitalen Standbein. Im Februar mussten wir dann erkennen, dass wir herk\u00f6mmliche Theatervorstellungen ganz absagen und eine komplette Sonderausgabe des Festivals erfinden m\u00fcssen.<\/p>\n<p>Die Webseite dokumentiert das Programm, von dem wir Mitte M\u00e4rz ausgehen durften, es im Mai umsetzen zu k\u00f6nnen: Installationen, die einzeln oder in Kleingruppen zug\u00e4nglich sind, performative Eins-zu-Eins Begegnungen und Aktionen im \u00f6ffentlichen Raum, eine digitale Programmreihe, die innovative Entwicklungen im Bereich des virtuellen Theaters aufgreift sowie ein st\u00e4dte\u00fcbergreifender Parcours mit Kurzformaten, die sich mit inhaltlichen Fragen von \u201eZ\u00e4sur 2020 \u2013 Theater und Gesellschaft im Umbruch\u201c besch\u00e4ftigen und der diesj\u00e4hrigen Sonderausgabe ihre politische Rahmung geben.<\/p>\n<p>Zu schade, aber auch der letzte Plan ist nicht aufgegangen und so m\u00fcssen wir einen Gro\u00dfteil der Projekte als \u201everschoben\u201c ank\u00fcndigen. Pr\u00e4sentieren k\u00f6nnen wir zun\u00e4chst einmal nur die kontaktlosen, virtuellen und digitalen Programmangebote. Aber, wie gesagt, wir haben uns vorgenommen, alles nachzuholen, was jetzt nicht stattfinden kann. Besuchen Sie einfach regelm\u00e4\u00dfig unsere Website f\u00fcr die neusten Informationen zu Terminen.<\/p>\n<p>Freuen Sie sich mit uns, nicht nur auf die kontaktfreie Version des figuren.theater.festivals im Mai, sondern gleich auf ein ganzes Festivaljahr!<\/p>\n<p>Ihr Festival Team<\/p>\n<p style=\"text-align: justify;\"><a href=\"#top\">zum Seitenanfang<\/a><\/p>\n","protected":false},"excerpt":{"rendered":"<p>Versprochen! Das 22. internationale figuren.theater.festival 2021 \u2013 kaum international, wenig Figuren, eigentlich kein Theater und wom\u00f6glich auch gar kein richtiges Festival \u2026 Dennoch haben wir uns daf\u00fcr entschieden, Ihnen unser Programm vorzulegen. Es ist ein Versprechen: Alle Projekte, die angek\u00fcndigt und beschrieben werden, sollen nach M\u00f6glichkeit stattfinden. Da dies Anfang Mai nicht m\u00f6glich sein wird, [&hellip;]<\/p>\n","protected":false},"author":3,"featured_media":0,"parent":0,"menu_order":0,"comment_status":"closed","ping_status":"closed","template":"","meta":[],"_links":{"self":[{"href":"https:\/\/www.figurentheaterfestival.de\/wp-json\/wp\/v2\/pages\/782"}],"collection":[{"href":"https:\/\/www.figurentheaterfestival.de\/wp-json\/wp\/v2\/pages"}],"about":[{"href":"https:\/\/www.figurentheaterfestival.de\/wp-json\/wp\/v2\/types\/page"}],"author":[{"embeddable":true,"href":"https:\/\/www.figurentheaterfestival.de\/wp-json\/wp\/v2\/users\/3"}],"replies":[{"embeddable":true,"href":"https:\/\/www.figurentheaterfestival.de\/wp-json\/wp\/v2\/comments?post=782"}],"version-history":[{"count":20,"href":"https:\/\/www.figurentheaterfestival.de\/wp-json\/wp\/v2\/pages\/782\/revisions"}],"predecessor-version":[{"id":10627,"href":"https:\/\/www.figurentheaterfestival.de\/wp-json\/wp\/v2\/pages\/782\/revisions\/10627"}],"wp:attachment":[{"href":"https:\/\/www.figurentheaterfestival.de\/wp-json\/wp\/v2\/media?parent=782"}],"curies":[{"name":"wp","href":"https:\/\/api.w.org\/{rel}","templated":true}]}}

<h3><strong>Versprochen!</strong></h3>
<p>Das 22. internationale figuren.theater.festival 2021 – kaum international, wenig Figuren, eigentlich kein Theater und womöglich auch gar kein richtiges Festival … Dennoch haben wir uns dafür entschieden, Ihnen unser Programm vorzulegen. Es ist ein Versprechen: Alle Projekte, die angekündigt und beschrieben werden, sollen nach Möglichkeit stattfinden. Da dies Anfang Mai nicht möglich sein wird, dann im Laufe der nächsten Monate. Aus dem Festival-Programm wird ein Jahresprogramm. Das sind wir Künstler:innen und Publikum schuldig.</p>
<p>Dreimal wurde das 22. internationale figuren.theater.festival 2021 neu geplant: 2020, noch unter dem Eindruck weitgehender Normalität, mit einem klassischen Bühnenprogramm. Im November/Dezember, als sich die zweite Welle abzuzeichnen begann, als Drei-Säulen-Angebot mit einer reduzierten Anzahl „normaler“ Theatervorstellungen, dafür mit mehr Sonderprojekten und Aktionen im öffentlichen Raum sowie einem neuen, digitalen Standbein. Im Februar mussten wir dann erkennen, dass wir herkömmliche Theatervorstellungen ganz absagen und eine komplette Sonderausgabe des Festivals erfinden müssen.</p>
<p>Die Webseite dokumentiert das Programm, von dem wir Mitte März ausgehen durften, es im Mai umsetzen zu können: Installationen, die einzeln oder in Kleingruppen zugänglich sind, performative Eins-zu-Eins Begegnungen und Aktionen im öffentlichen Raum, eine digitale Programmreihe, die innovative Entwicklungen im Bereich des virtuellen Theaters aufgreift sowie ein städteübergreifender Parcours mit Kurzformaten, die sich mit inhaltlichen Fragen von „Zäsur 2020 – Theater und Gesellschaft im Umbruch“ beschäftigen und der diesjährigen Sonderausgabe ihre politische Rahmung geben.</p>
<p>Zu schade, aber auch der letzte Plan ist nicht aufgegangen und so müssen wir einen Großteil der Projekte als „verschoben“ ankündigen. Präsentieren können wir zunächst einmal nur die kontaktlosen, virtuellen und digitalen Programmangebote. Aber, wie gesagt, wir haben uns vorgenommen, alles nachzuholen, was jetzt nicht stattfinden kann. Besuchen Sie einfach regelmäßig unsere Website für die neusten Informationen zu Terminen.</p>
<p>Freuen Sie sich mit uns, nicht nur auf die kontaktfreie Version des figuren.theater.festivals im Mai, sondern gleich auf ein ganzes Festivaljahr!</p>
<p>Ihr Festival Team</p>
<p style="text-align: justify;"><a href="#top">zum Seitenanfang</a></p>

<p>Versprochen! Das 22. internationale figuren.theater.festival 2021 – kaum international, wenig Figuren, eigentlich kein Theater und womöglich auch gar kein richtiges Festival … Dennoch haben wir uns dafür entschieden, Ihnen unser Programm vorzulegen. Es ist ein Versprechen: Alle Projekte, die angekündigt und beschrieben werden, sollen nach Möglichkeit stattfinden. Da dies Anfang Mai nicht möglich sein wird, [&hellip;]</p>
