{"id":10361,"date":"2021-05-05T21:16:58","date_gmt":"2021-05-05T19:16:58","guid":{"rendered":"https:\/\/www.figurentheaterfestival.de\/?page_id=10361"},"modified":"2021-05-17T11:08:44","modified_gmt":"2021-05-17T09:08:44","slug":"live","status":"publish","type":"page","link":"https:\/\/www.figurentheaterfestival.de\/live\/","title":{"rendered":"ex.live"},"content":{"rendered":"<p>Vielen Dank an alle beteiligten Akteur:innen sowie das Team des Experimentiertheaters und des Medienstudios der FAU Erlangen-N\u00fcrnberg f\u00fcr ein spannendes Live-Streaming Programm beim diesj\u00e4hrigen figuren.theater.festival.<\/p>\n<div class=\"main-slider owl-theme owl-carousel\" data-time=\"6\"><div class=\"item\"><img src=\"https:\/\/www.figurentheaterfestival.de\/wp-content\/uploads\/2021\/05\/Live_Experimentiertheater_BigBox_02.jpeg\"><\/div><div class=\"item\"><img src=\"https:\/\/www.figurentheaterfestival.de\/wp-content\/uploads\/2021\/05\/FlohrschuetzUndDoehnert_BigBox_PG70.jpg\"><div class=\"caption\">\u00a9 Georg P\u00f6hlein<\/div><\/div><div class=\"item\"><img src=\"https:\/\/www.figurentheaterfestival.de\/wp-content\/uploads\/2021\/05\/FlohrschuetzUndDoehnert_NachgespraechBigBox_ME3972.jpg\"><div class=\"caption\">\u00a9 Erich Malter<\/div><\/div><div class=\"item\"><img src=\"https:\/\/www.figurentheaterfestival.de\/wp-content\/uploads\/2021\/04\/2021-05-11-11.34.45_RainerHertwig-scaled.jpg\"><div class=\"caption\">\u00a9 Rainer Hertwig<\/div><\/div><div class=\"item\"><img src=\"https:\/\/www.figurentheaterfestival.de\/wp-content\/uploads\/2021\/04\/ME-Figu2021-4805-scaled.jpg\"><div class=\"caption\">\u00a9 Erich Malter<\/div><\/div><div class=\"item\"><img src=\"https:\/\/www.figurentheaterfestival.de\/wp-content\/uploads\/2021\/04\/ME-Figu2021-4915-scaled.jpg\"><div class=\"caption\">\u00a9 Erich Malter<\/div><\/div><div class=\"item\"><img src=\"https:\/\/www.figurentheaterfestival.de\/wp-content\/uploads\/2021\/04\/LaiaRiCa_KaffeeMitZucker_PeterVanHeesen_SchlossBroellin04-2.jpg\"><div class=\"caption\">\u00a9 Peter van Heesen \/ Schloss Br\u00f6llin<\/div><\/div><div class=\"item\"><img src=\"https:\/\/www.figurentheaterfestival.de\/wp-content\/uploads\/2021\/04\/LaiaRiCa_KaffeeMitZucker_PeterVanHeesen_SchlossBroellin03.jpg\"><div class=\"caption\">\u00a9 Peter van Heesen \/ Schloss Br\u00f6llin<\/div><\/div><div class=\"item\"><img src=\"https:\/\/www.figurentheaterfestival.de\/wp-content\/uploads\/2021\/04\/LaiaRiCa_KaffeeMitZucker_PeterVanHeesen_SchlossBroellin01-1.jpg\"><div class=\"caption\">\u00a9 Peter van Heesen \/ Schloss Br\u00f6llin<\/div><\/div><\/div>\n<h3>Alle Festival-Live-Streams aus dem Experimentiertheater<\/h3>\n\n<article id=\"post-8797\" class=\"post-8797 event type-event status-publish has-post-thumbnail hentry event_category-gruppen-und-stuecke event_category-kinder-und-jugendliche event_category-kostenlos event_category-live-stream event_category-ohne-sprache\" style=\"clear:both;margin-bottom:0;padding:10px 0\">\n\n\t<img width=\"200\" height=\"200\" src=\"https:\/\/www.figurentheaterfestival.de\/wp-content\/uploads\/2021\/04\/FlorschuetzDoehnert_UeberKraefte_MelanieFlorschuetz09-200x200.jpg\" class=\"th alignleft eventimg\" alt=\"\" loading=\"lazy\" style=\"float:left; margin:4px 20px 0px 0; max-width: 180px;\" \/>\n\t<div class=\"event-container \">\n\t\t\t\t<span class=\"event-city\" style=\"text-transform:uppercase\">\n\t\t\t<small>\n                online            <\/small>\n\t\t<\/span><br>\n\t\t\t\tSo. 09.05. 18:00 Uhr<br>\t\t<a style=\"color:inherit\" href=\"https:\/\/www.figurentheaterfestival.de\/veranstaltung\/big-box\/\" class=\"blank\"><b>florsch\u00fctz & d\u00f6hnert  | Deutschland<\/b><\/a><br>Big Box & kleines Orchester<br>ca.&nbsp;20&nbsp;min<br>ohne Sprache | f\u00fcr Kinder ab 4 Jahren und Erwachsene<br><a href=\"https:\/\/www.figurentheaterfestival.de\/veranstaltung\/big-box\/\" class=\"blank\">mehr<\/a><br>\t\t<div style=\"clear:both;height:1px;font-size:1px\"><\/div>\n\t<\/div>\n\n<\/article><!-- #post -->\n\n<article id=\"post-8804\" class=\"post-8804 event type-event status-publish has-post-thumbnail hentry event_category-gruppen-und-stuecke event_category-kostenlos event_category-live-stream event_category-ohne-sprache\" style=\"clear:both;margin-bottom:0;padding:10px 0\">\n\n\t<img width=\"200\" height=\"200\" src=\"https:\/\/www.figurentheaterfestival.de\/wp-content\/uploads\/2021\/04\/2021-05-11-11.34.45_RainerHertwig-200x200.jpg\" class=\"th alignleft eventimg\" alt=\"Bild eines B\u00fchneraums und eines gro\u00dfen Bildschirms, die den Tanz einer Person mit einem Boxsack zeigt\" loading=\"lazy\" style=\"float:left; margin:4px 20px 0px 0; max-width: 180px;\" \/>\n\t<div class=\"event-container \">\n\t\t\t\t<span class=\"event-city\" style=\"text-transform:uppercase\">\n\t\t\t<small>\n                online            <\/small>\n\t\t<\/span><br>\n\t\t\t\tMi. 12.05. 18:00 Uhr<br>\t\t<a style=\"color:inherit\" href=\"https:\/\/www.figurentheaterfestival.de\/veranstaltung\/blocken-und-schlagen-at\/\" class=\"blank\"><b>Rafi Martin  | Deutschland \/ Frankreich<\/b><\/a><br>Blocken und Schlagen (AT)<br>ca.&nbsp;30&nbsp;min<br>ohne Sprache<br><a href=\"https:\/\/www.figurentheaterfestival.de\/veranstaltung\/blocken-und-schlagen-at\/\" class=\"blank\">mehr<\/a><br>\t\t<div style=\"clear:both;height:1px;font-size:1px\"><\/div>\n\t<\/div>\n\n<\/article><!-- #post -->\n\n<article id=\"post-9193\" class=\"post-9193 event type-event status-publish has-post-thumbnail hentry event_category-gespraeche event_category-kostenlos event_category-live-stream\" style=\"clear:both;margin-bottom:0;padding:10px 0\">\n\n\t<img width=\"200\" height=\"200\" src=\"https:\/\/www.figurentheaterfestival.de\/wp-content\/uploads\/2021\/04\/ZuschauerraumEX_ITM-Medienstudio-200x200.jpg\" class=\"th alignleft eventimg\" alt=\"\" loading=\"lazy\" style=\"float:left; margin:4px 20px 0px 0; max-width: 180px;\" \/>\n\t<div class=\"event-container \">\n\t\t\t\t<span class=\"event-city\" style=\"text-transform:uppercase\">\n\t\t\t<small>\n                online            <\/small>\n\t\t<\/span><br>\n\t\t\t\tSa. 15.05. 11:00 Uhr<br>\t\t<a style=\"color:inherit\" href=\"https:\/\/www.figurentheaterfestival.de\/veranstaltung\/wo-ist-die-auffuehrung\/\" class=\"blank\"><b>Theater im digitalen Raum<\/b><\/a><br>Wo ist die Auff\u00fchrung?<br>ca.&nbsp;60&nbsp;min<br><a href=\"https:\/\/www.figurentheaterfestival.de\/veranstaltung\/wo-ist-die-auffuehrung\/\" class=\"blank\">mehr<\/a><br>\t\t<div style=\"clear:both;height:1px;font-size:1px\"><\/div>\n\t<\/div>\n\n<\/article><!-- #post -->\n\n<article id=\"post-8802\" class=\"post-8802 event type-event status-publish has-post-thumbnail hentry event_category-gruppen-und-stuecke event_category-kostenlos event_category-live-stream\" style=\"clear:both;margin-bottom:0;padding:10px 0\">\n\n\t<img width=\"200\" height=\"200\" src=\"https:\/\/www.figurentheaterfestival.de\/wp-content\/uploads\/2021\/04\/LaiaRiCa_KaffeeMitZucker_PeterVanHeesen_SchlossBroellin01-1-200x200.jpg\" class=\"th alignleft eventimg\" alt=\"\" loading=\"lazy\" style=\"float:left; margin:4px 20px 0px 0; max-width: 180px;\" \/>\n\t<div class=\"event-container \">\n\t\t\t\t<span class=\"event-city\" style=\"text-transform:uppercase\">\n\t\t\t<small>\n                online            <\/small>\n\t\t<\/span><br>\n\t\t\t\tSo. 16.05. 18:00 Uhr<br>\t\t<a style=\"color:inherit\" href=\"https:\/\/www.figurentheaterfestival.de\/veranstaltung\/kaffee-mit-zucker\/\" class=\"blank\"><b>Laia RiCa  | El Salvador \/ Deutschland<\/b><\/a><br>Kaffee mit Zucker?<br>ca.&nbsp;50&nbsp;min<br><a href=\"https:\/\/www.figurentheaterfestival.de\/veranstaltung\/kaffee-mit-zucker\/\" class=\"blank\">mehr<\/a><br>\t\t<div style=\"clear:both;height:1px;font-size:1px\"><\/div>\n\t<\/div>\n\n<\/article><!-- #post -->\n\n<p><a href=\"#top\">zum Seitenanfang<\/a><\/p>\n","protected":false},"excerpt":{"rendered":"<p>Vielen Dank an alle beteiligten Akteur:innen sowie das Team des Experimentiertheaters und des Medienstudios der FAU Erlangen-N\u00fcrnberg f\u00fcr ein spannendes Live-Streaming Programm beim diesj\u00e4hrigen figuren.theater.festival. Alle Festival-Live-Streams aus dem Experimentiertheater zum Seitenanfang<\/p>\n","protected":false},"author":3,"featured_media":0,"parent":0,"menu_order":0,"comment_status":"closed","ping_status":"closed","template":"","meta":[],"_links":{"self":[{"href":"https:\/\/www.figurentheaterfestival.de\/wp-json\/wp\/v2\/pages\/10361"}],"collection":[{"href":"https:\/\/www.figurentheaterfestival.de\/wp-json\/wp\/v2\/pages"}],"about":[{"href":"https:\/\/www.figurentheaterfestival.de\/wp-json\/wp\/v2\/types\/page"}],"author":[{"embeddable":true,"href":"https:\/\/www.figurentheaterfestival.de\/wp-json\/wp\/v2\/users\/3"}],"replies":[{"embeddable":true,"href":"https:\/\/www.figurentheaterfestival.de\/wp-json\/wp\/v2\/comments?post=10361"}],"version-history":[{"count":68,"href":"https:\/\/www.figurentheaterfestival.de\/wp-json\/wp\/v2\/pages\/10361\/revisions"}],"predecessor-version":[{"id":10676,"href":"https:\/\/www.figurentheaterfestival.de\/wp-json\/wp\/v2\/pages\/10361\/revisions\/10676"}],"wp:attachment":[{"href":"https:\/\/www.figurentheaterfestival.de\/wp-json\/wp\/v2\/media?parent=10361"}],"curies":[{"name":"wp","href":"https:\/\/api.w.org\/{rel}","templated":true}]}}